4?
4
What is the tens digit of 6345?
4
What is the tens digit of 6864?
6
What is the tens digit of 2662?
6
What is the tens digit of 38259?
5
What is the units digit of 610?
0
What is the hundreds digit of 3277?
2
What is the units digit of 347?
7
What is the tens digit of 1133?
3
What is the hundreds digit of 77346?
3
What is the tens digit of 2292?
9
What is the ten thousands digit of 62216?
6
What is the units digit of 4203?
3
What is the units digit of 3259?
9
What is the hundred thousands digit of 102404?
1
What is the units digit of 9450?
0
What is the thousands digit of 11208?
1
What is the tens digit of 693?
9
What is the ten thousands digit of 34610?
3
What is the thousands digit of 2056?
2
What is the thousands digit of 45543?
5
What is the tens digit of 1014?
1
What is the thousands digit of 1885?
1
What is the units digit of 2954?
4
What is the tens digit of 26444?
4
What is the tens digit of 24161?
6
What is the hundreds digit of 5040?
0
What is the thousands digit of 1419?
1
What is the hundreds digit of 7103?
1
What is the tens digit of 20672?
7
What is the ten thousands digit of 48601?
4
What is the units digit of 2579?
9
What is the units digit of 3220?
0
What is the hundreds digit of 318?
3
What is the hundreds digit of 77943?
9
What is the units digit of 21595?
5
What is the thousands digit of 48978?
8
What is the hundreds digit of 4097?
0
What is the thousands digit of 6230?
6
What is the thousands digit of 4394?
4
What is the units digit of 319?
9
What is the units digit of 5017?
7
What is the hundreds digit of 1701?
7
What is the units digit of 51023?
3
What is the thousands digit of 31107?
1
What is the thousands digit of 39965?
9
What is the thousands digit of 36009?
6
What is the hundreds digit of 598?
5
What is the units digit of 587?
7
What is the ten thousands digit of 89232?
8
What is the hundreds digit of 281?
2
What is the hundreds digit of 1961?
9
What is the tens digit of 2922?
2
What is the units digit of 59?
9
What is the tens digit of 2049?
4
What is the hundreds digit of 6482?
4
What is the units digit of 719?
9
What is the tens digit of 596?
9
What is the hundreds digit of 281?
2
What is the tens digit of 8597?
9
What is the tens digit of 3039?
3
What is the hundreds digit of 276?
2
What is the hundreds digit of 548?
5
What is the tens digit of 35381?
8
What is the ten thousands digit of 29297?
2
What is the units digit of 228?
8
What is the thousands digit of 52180?
2
What is the units digit of 3690?
0
What is the units digit of 9866?
6
What is the tens digit of 25645?
4
What is the thousands digit of 1124?
1
What is the hundreds digit of 6911?
9
What is the tens digit of 8081?
8
What is the hundreds digit of 3012?
0
What is the tens digit of 84099?
9
What is the tens digit of 15797?
9
What is the thousands digit of 10677?
0
What is the hundreds digit of 40900?
9
What is the thousands digit of 14958?
4
What is the tens digit of 2408?
0
What is the tens digit of 4797?
9
What is the thousands digit of 1915?
1
What is the hundreds digit of 79095?
0
What is the thousands digit of 28296?
8
What is the units digit of 589?
9
What is the thousands digit of 6575?
6
What is the units digit of 85039?
9
What is the ten thousands digit of 23183?
2
What is the thousands digit of 14242?
4
What is the tens digit of 3310?
1
What is the thousands digit of 26959?
6
What is the tens digit of 40128?
2
What is the units digit of 696?
6
What is the ten thousands digit of 23988?
2
What is the units digit of 1532?
2
What is the tens digit of 29750?
5
What is the units digit of 1652?
2
What is the units digit of 19065?
5
What is the units digit of 6?
6
What is the tens digit of 3115?
1
What is the tens digit of 1024?
2
What is the tens digit of 8194?
9
What is the tens digit of 89?
8
What is the thousands digit of 1623?
1
What is the tens digit of 3914?
1
What is the tens digit of 27632?
3
What is the units digit of 729?
9
What is the thousands digit of 1404?
1
What is the tens digit of 1344?
4
What is the tens digit of 863?
6
What is the thousands digit of 97998?
7
What is the tens digit of 4615?
1
What is the hundreds digit of 438?
4
What is the tens digit of 38?
3
What is the hundreds digit of 907?
9
What is the units digit of 15432?
2
What is the units digit of 173084?
4
What is the hundreds digit of 1009?
0
What is the hundreds digit of 926?
9
What is the ten thousands digit of 16881?
1
What is the hundreds digit of 69932?
9
What is the tens digit of 5287?
8
What is the units digit of 81350?
0
What is the units digit of 92691?
1
What is the tens digit of 376?
7
What is the tens digit of 51989?
8
What is the hundreds digit of 1350?
3
What is the hundreds digit of 15396?
3
What is the tens digit of 29885?
8
What is the tens digit of 1405?
0
What is the units digit of 46180?
0
What is the hundreds digit of 2579?
5
What is the ten thousands digit of 19082?
1
What is the units digit of 1826?
6
What is the units digit of 929?
9
What is the units digit of 1756?
6
What is the hundreds digit of 17626?
6
What is the units digit of 809?
9
What is the ten thousands digit of 50949?
5
What is the thousands digit of 9027?
9
What is the units digit of 5210?
0
What is the units digit of 54525?
5
What is the thousands digit of 17031?
7
What is the hundreds digit of 751?
7
What is the thousands digit of 55867?
5
What is the hundreds digit of 766?
7
What is the units digit of 806?
6
What is the units digit of 962?
2
What is the units digit of 2034?
4
What is the hundreds digit of 49909?
9
What is the units digit of 402?
2
What is the tens digit of 301?
0
What is the hundreds digit of 12185?
1
What is the hundreds digit of 152278?
2
What is the units digit of 9020?
0
What is the units digit of 3405?
5
What is the tens digit of 56384?
8
What is the units digit of 769?
9
What is the hundreds digit of 213?
2
What is the units digit of 13?
3
What is the hundreds digit of 364?
3
What is the tens digit of 29806?
0
What is the hundreds digit of 8474?
4
What is the units digit of 453?
3
What is the tens digit of 9634?
3
What is the tens digit of 135130?
3
What is the hundreds digit of 2054?
0
What is the thousands digit of 3594?
3
What is the tens digit of 1465?
6
What is the units digit of 90343?
3
What is the units digit of 4967?
7
What is the tens digit of 1699?
9
What is the thousands digit of 2802?
2
What is the ten thousands digit of 80043?
8
What is the thousands digit of 93870?
3
What is the hundreds digit of 5814?
8
What is the hundreds digit of 4948?
9
What is the hundreds digit of 617?
6
What is the hundreds digit of 4943?
9
What is the hundreds digit of 42380?
3
What is the tens digit of 7755?
5
What is the units digit of 7473?
3
What is the tens digit of 11555?
5
What is the hundreds digit of 1097?
0
What is the tens digit of 795?
9
What is the ten thousands digit of 15638?
1
What is the tens digit of 5825?
2
What is the tens digit of 4067?
6
What is the hundreds digit of 5342?
3
What is the units digit of 127564?
4
What is the units digit of 33897?
7
What is the thousands digit of 29144?
9
What is the tens digit of 13377?
7
What is the units digit of 24219?
9
What is the thousands digit of 29560?
9
What is the hundreds digit of 50598?
5
What is the ten thousands digit of 42260?
4
What is the tens digit of 7943?
4
What is the tens digit of 949?
4
What is the thousands digit of 17858?
7
What is the units digit of 2912?
2
What is the units digit of 451?
1
What is the hundreds digit of 15058?
0
What is the units digit of 84364?
4
What is the thousands digit of 2110?
2
What is the ten thousands digit of 12805?
1
What is the tens digit of 8111?
1
What is the thousands digit of 1356?
1
What is the tens digit of 296?
9
What is the thousands digit of 4445?
4
What is the units digit of 2139?
9
What is the tens digit of 53?
5
What is the hundreds digit of 24278?
2
What is the tens digit of 514?
1
What is the hundreds digit of 24722?
7
What is the thousands digit of 1021?
1
What is the ten thousands digit of 70200?
7
What is the tens digit of 2724?
2
What is the units digit of 1631?
1
What is the thousands digit of 37975?
7
What is the tens digit of 14508?
0
What is the tens digit of 38658?
5
What is the tens digit of 366?
6
What is the units digi